 4*p + t - 949, -4*t = -4*p + 2*p + 470. Suppose 236*i = p*i - 359. List the prime factors of i.
359
Let c(z) = 7*z - 31. Let u be c(4). What are the prime factors of ((-109 - u) + 5)*-2?
2, 101
Suppose 5*u - 22618 = -2*k - 2591, 1 = u. List the prime factors of k.
3, 47, 71
Let f = 60241 + -33999. What are the prime factors of f?
2, 13121
Let a(n) = 13*n**3 - 5*n**2 + 2*n + 12. Let w(s) = 11*s**3 - 4*s**2 + s + 11. Let k(r) = 6*a(r) - 7*w(r). Let y = -6 + 10. What are the prime factors of k(y)?
47
Let z(l) = 3*l**3 - 4*l**2 - 9*l + 48. List the prime factors of z(4).
2, 5, 7
Let b = 78 + -72. Let k = -3 + b. Suppose 197 = s - k*i, -3*i + 579 = -2*s + 5*s. What are the prime factors of s?
2, 97
Suppose 0 = 3*z - 15, 9*x - 4*x = 4*z. Suppose -3*t + 2 = x*b, 0*t + 2*b = -t. Suppose -t*s - 232 = -704. List the prime factors of s.
2, 59
Let v be 6 - 3 - ((-10)/1)/5. Suppose 4*w - 1546 = -4*l + 818, 3000 = v*w - 4*l. List the prime factors of w.
2, 149
Let y be (20/8 - 1)*(-50)/(-3). Suppose -u - 2*g = -0*u - 11, -5*u = 4*g - y. List the prime factors of u - 2 - (-15 - -1).
13
Let n = -9335 + 22402. List the prime factors of n.
73, 179
Let i(q) = -q**3 + 6*q**2 + q + 8. Let h(w) = 5*w + 50. Let p be h(-9). List the prime factors of i(p).
2, 19
Suppose -1108 = -2*y - 98. Suppose -2*t + 1093 = -y. Suppose t = 10*v - 1401. List the prime factors of v.
2, 5, 11
Suppose 668*k = 670*k - 18. Suppose k*f - 193 = 203. List the prime factors of f.
2, 11
Suppose -4*y - 5*x + 7*x + 140280 = 0, -105216 = -3*y + 3*x. What are the prime factors of y?
2, 11, 797
Let y(a) = -572*a + 11973. List the prime factors of y(-43).
13, 29, 97
Suppose 20*f = 13*f. Suppose 6*s - 5*s = -u - 108, -4*u - 20 = f. Let o = 43 - s. What are the prime factors of o?
2, 73
Let r = 485 - 485. Suppose 4*x - 866 = 4*z - 4038, -5*z + 4*x + 3968 = r. List the prime factors of z.
2, 199
Suppose 5*q + 5*n = 99705, -3*q = 86*n - 81*n - 59815. List the prime factors of q.
5, 3989
Suppose 4*m - g - 45698 = 0, -4*g = 2*m + 5851 - 28691. What are the prime factors of m?
2, 3, 7, 17
Let q(o) = 16*o**2 - o - 226. List the prime factors of q(-17).
5, 883
Let g(w) = -19*w + 34. Let b be g(-29). Let v = 331 + b. List the prime factors of v.
2, 229
Let m = 1246 + -1775. Let q = m - -766. Suppose 62 = -t + q. List the prime factors of t.
5, 7
Let c(f) = 3*f**2 - 23*f + 464. What are the prime factors of c(90)?
2, 7, 1621
List the prime factors of ((-72)/(-60))/((-48)/(-148240)).
2, 17, 109
Suppose -28*q = -33*q - 2383 + 28068. What are the prime factors of q?
11, 467
Let f(l) = 39*l**2 - 65*l + 160. List the prime factors of f(-17).
2, 1567
Let p(q) = 109*q**2 + 8*q - 6*q - 22*q**2. What are the prime factors of p(-2)?
2, 43
Suppose 30 + 12 = 4*f - i, -52 = -4*f - 4*i. Let k be (-2)/3 - f/(132/(-8)). Suppose -3*x + 9 = 0, v - 2*v - 3*x + 135 = k. What are the prime factors of v?
2, 3, 7
Let i(d) = 19*d**2 + 16*d + 33. What are the prime factors of i(13)?
2, 863
Suppose -k = 6*s - 11339, k - 3*s - 11355 = -5*s. What are the prime factors of k?
11, 1033
Suppose -2*b - 436 = -444. Suppose 508 = 2*v + 4*r, -b*r + 1343 = 5*v + 43. List the prime factors of v.
2, 3, 11
Suppose 0 = 2*k + 2*k + 5*p + 219, 2*k - 4*p + 142 = 0. Let l = k + 63. Suppose -2 + 5 = -d, -3*d - 275 = -l*w. What are the prime factors of w?
7, 19
Let n = -34 + 19. Let d(j) = 2*j + 32. Let k be d(n). List the prime factors of 3/k - ((-295)/10 - -4).
3
Let m(b) = b**3 - 10*b**2 + 13*b - 24. Let n be m(10). Suppose 4*o + 285 = -3*z + 3*o, n = -z - 4*o. Let r = 215 + z. List the prime factors of r.
11
Let k(v) = 15*v**3 - 4*v**2 + 35*v - 61. Let y(f) = -7*f**3 + 2*f**2 - 17*f + 30. Let t(l) = -4*k(l) - 9*y(l). List the prime factors of t(5).
2, 7, 13
Let k be (-3)/(-7) + (-9)/((-315)/2960). Let c = 244 - k. List the prime factors of c.
3, 53
Let p(f) = f**3 - 21*f**2 - 113*f - 79. List the prime factors of p(30).
11, 421
Suppose 2*p - 3450 + 10634 = 4*z, 0 = -p. Suppose 6*v - 892 = z. List the prime factors of v.
2, 7
Suppose -y - 11*f - 6 = -8*f, 0 = -3*y - 3*f - 6. Suppose 3*v - 273 + 51 = y. What are the prime factors of v?
2, 37
Let b be (-260 - 1) + (-43 - -3)/10. Let d = -7 - -11. List the prime factors of 4*(b/d)/(-1).
5, 53
Let u be 2 + 5 + 60/(-20). List the prime factors of 5015/236 + (-1)/u.
3, 7
Let r = 285 - 276. Suppose r*b + 355 = 886. List the prime factors of b.
59
Suppose -17815 = -8*b - 2233 + 12290. What are the prime factors of b?
2, 13, 67
Let a(l) = l**2 + 8 - l**2 - 2*l**2 - l**2. Let s(q) = 9*q**2 - q - 25. Let v(f) = -7*a(f) - 2*s(f). List the prime factors of v(-6).
2, 3, 5
Let y = -1053 - -1736. Suppose -3*b - c + y + 484 = 0, 1945 = 5*b + c. List the prime factors of b.
389
Let s(k) = 20*k - 16. Let g be s(1). What are the prime factors of (-1 - -30)*(27 - g)?
23, 29
Let g(r) = 3*r**3 + 38*r**2 - 46*r - 32. Let x(w) = 7*w**3 + 77*w**2 - 93*w - 63. Let l(j) = -9*g(j) + 4*x(j). What are the prime factors of l(33)?
3, 37
Let j(y) = y**2 - 8*y - 12. Let s be j(5). List the prime factors of ((s - 0) + -3)/(-2).
3, 5
Let p(c) = 3*c**2 - 7*c - 2. Let f(r) = -5*r**3 + 2*r**2 - 3*r - 4. Suppose 3*g - 6 = 0, -o - 4*o + 4*g - 13 = 0. Let d be f(o). List the prime factors of p(d).
2
Let j(s) = 11*s**2 + 7*s - 156. List the prime factors of j(-28).
2, 11, 47
Let d(r) = 5*r**3 + 65 + 63 + 7*r - 132 + 9*r**2 - 4*r**3. Let a be d(-8). Suppose -430 = -a*s - 62. List the prime factors of s.
2, 23
Let z(s) = -s**2 - 6*s + 8. Let r be z(-5). Suppose -2*b = a - 7, -5*b + r = -a - 8. Let i(g) = 23*g + 4. List the prime factors of i(b).
2, 3
What are the prime factors of 3/(-5)*5/(-7) - (-109687840)/10430?
13, 809
Suppose 35*i - 25*i = 68600. List the prime factors of i.
2, 5, 7
Let u(s) = -s + 16. Suppose 4*h + 16 = 2*m, -2*m + 42 = 2*m - 3*h. Let a be u(m). List the prime factors of (-66)/(-4)*(3 - a)*-6.
3, 11
Let n = 95 + -92. Let m be (n/2)/(15/20). Suppose m*w - 80 + 28 = 0. List the prime factors of w.
2, 13
Let s(d) = -32*d + 1342. List the prime factors of s(-30).
2, 1151
Suppose 13*t - 36722 = -3*c + 4751, 2*t - 14 = 0. What are the prime factors of c?
2, 3, 11, 19
Let j(s) = -416*s - 11855. What are the prime factors of j(-80)?
5, 857
Let l(r) = -202*r + 721. List the prime factors of l(-55).
11831
Let d = -404 - -383. What are the prime factors of -54*(2 + d/9)*24?
2, 3
Let s(z) = 5*z**2 + 2*z + 24. Let t be s(19). Let c = t + -1263. Suppose c - 44 = 4*m. What are the prime factors of m?
2, 5, 7
Let u be 716/(-1 + -5 + 8). Let x = u - 303. List the prime factors of x.
5, 11
List the prime factors of 76536/(-180)*(-3)/(-6)*-175.
5, 7, 1063
Let x be (0 + (-720)/35)*(-1040 - 3). Suppose -x = -16*t - 2*t. List the prime factors of t.
2, 149
Let l(f) = 2*f**2 + 12*f + 45. Let b be l(18). What are the prime factors of b/2 - -2*(-5)/(-20)?
5, 7, 13
Let j be ((-1)/(3/(-2)))/(36/(-1566)). Let h = j + 361. What are the prime factors of h?
2, 83
Suppose 36 = -2*b + 456. Suppose -5*h + h + 13 = -3*c, -4*c = 5*h - 24. Suppose -b + 898 = h*d. List the prime factors of d.
2, 43
Let j(d) = -2*d - 6. Let x be j(-4). Suppose -489 = x*w - 5*t, -t = -0*t - 3. List the prime factors of (2*w/(-18))/(2/6).
79
Suppose 2*k + 5 = -3*k + g, 2*g = 5*k + 10. Suppose k = 7*t - 5*t. Suppose t = -6*h - 54 + 282. What are the prime factors of h?
2, 19
Suppose m + 548 = 5*s + 4815, 0 = -m - 4*s + 4312. What are the prime factors of m?
2, 29, 37
Suppose -10*y = -123*b + 127*b - 99520, b = -4*y + 24886. What are the prime factors of b?
2, 3, 5, 829
What are the prime factors of (97080/18)/((-2)/(-3))?
2, 5, 809
Let f be 2/(((-1)/(-1))/(0 + 1)). List the prime factors of 18207/28 + f/(-8).
2, 5, 13
Let m(q) = 2*q**2 + 18*q + 4. Let r be m(-9). Let s(z) = z**3 - 4*z**2 - z - 2. Let p be s(r). Let j(a) = a**2 - 3*a - 7. List the prime factors of j(p).
47
Let i be ((-800)/(-128))/(1/(-60)). Let v = 610 + i. What are the prime factors of v?
5, 47
Suppose 17*p - 14*p + 5*d - 140042 = 0, 0 = -4*d - 20. List the prime factors of p.
3, 79, 197
Let s be 1*-2*(465/(-10) + -3). Let q = -50 + s. Let m = 87 - q. List the prime factors of m.
2, 19
Suppose -a + 5*b + 13 = 0, -4*a - 2*b = 3*b - 2. Suppose -6 = -2*l + a*z + 1520, 2*z - 3020 = -4*l. What are the prime factor